*3/6 + 2*o**2 - o. Calculate p(b).
2
Let p(d) be the first derivative of -12 + 3/2*d**2 + d. Let t be 0 + -1 - 0/(-3). Determine p(t).
-2
Let q(t) = -t + 2. Let p(i) = -i + 2. Let x(d) = -4*p(d) + 3*q(d). What is x(2)?
0
Let s(a) be the first derivative of -2*a**3 - 10 - 1/60*a**5 + 1/360*a**6 + 0*a + 0*a**2 + 1/24*a**4. Let h(j) be the third derivative of s(j). What is h(1)?
0
Suppose 1 + 14 = q - 4*w, -9 = -q + 2*w. Suppose -h = -q*u + 20, -5*u + h + 28 = -u. Suppose 5*o - u = o. Let z(c) = -c**3 - c**2 + 2*c - 1. Give z(o).
-9
Let p(s) = s**3 + 6*s**2 + s - 1. Suppose 0 = 5*x - 5, 6*x + 6 = g + 3*x. Let a = -16 + 1. Let v = g + a. What is p(v)?
-7
Let n(d) = -d - 1. Let q(f) = -f**2 - 8*f + 24. Let i be q(-10). What is n(i)?
-5
Let s(z) be the first derivative of z**3/3 - 7*z + 61. Give s(-5).
18
Let z = -9 - -15. Let a(h) = -2*h**2 + 2 - 9*h**2 + 2*h - z + h**3 + 3*h**2. Give a(8).
12
Suppose -j = 2*j. Let r(c) = -c**2 + c - 23. Determine r(j).
-23
Let s(v) = 5*v - 29. Let p(b) = -3*b + 19. Let x(t) = 8*p(t) + 5*s(t). Give x(-5).
2
Let l(c) = 2*c - 9. Suppose 17*o - 7 = -160. Let b(u) = u**3 + 9*u**2 - 5*u - 39. Let h be b(o). Calculate l(h).
3
Let f(x) be the third derivative of -x**6/120 + 2*x**5/15 - 11*x**4/24 + 5*x**3/6 + 64*x**2. Calculate f(7).
-23
Suppose 14 + 10 = 2*f. Suppose -57*l + 61*l - f = 0. Let u(k) = k + 3. What is u(l)?
6
Let n(f) be the first derivative of f**2/2 + 10*f + 4. Let d(x) = x**3 + 12*x**2 + 11*x - 5. Let m = 5 - 16. Let r be d(m). Determine n(r).
5
Let r(a) be the second derivative of -5*a**4/12 - a**3/3 - a**2/2 + a. Let n = 11 - 5. Let c be -1*2/n*3. What is r(c)?
-4
Suppose 59*u - 40*u = 0. Suppose 8 = 5*x - 12. Let w(m) = 3 + x + m + 1. Determine w(u).
8
Suppose 4*v = 5*j - 31, -v + j + 33 = 40. Let x(t) = -t**3 - 4*t**2 + 2. Determine x(v).
2
Let c(s) = -19*s + 4. Let o(t) = -6*t + 1. Let x(i) = -2*c(i) + 7*o(i). Calculate x(5).
-21
Suppose -15 = -4*i + 89. Suppose 5*d + 25 = 0, 5*c = 3*d + 9 + i. Let l(p) = -p - c*p + 2*p + 4*p. Determine l(1).
1
Let o(y) = -6*y + 16. Let a(b) = 2*b**2 - 5*b + 13. Let g(p) = 6*a(p) - 5*o(p). What is g(-1)?
10
Let t(m) = -18*m + 46*m - 13*m - 12*m - 8*m + 24. Give t(6).
-6
Let j(u) = u - 4. Let a(d) = 1. Let l(g) = -5*a(g) - j(g). Let t(m) = m**2 - 10*m + 2. Let i(q) = -3*l(q) + t(q). What is i(6)?
-1
Let u(l) = -5*l**2 + 7*l + 12. Let q(k) = -4*k**2 + 6*k + 10. Let d(y) = -6*q(y) + 5*u(y). Determine d(-2).
-2
Let d(m) = -5*m**2 - m + 1. Suppose -3*o + 5 = 2*o. Let n be d(o). Let r(j) be the second derivative of j**4/12 + 7*j**3/6 - j**2/2 + 18*j. What is r(n)?
-11
Let x(d) = -28*d**2 - 29*d**2 + 0 + 10*d + 58*d**2 + 12. Calculate x(-8).
-4
Let n(b) = -10*b - b**2 - 4*b**2 + 9*b**2 + 5 - 5*b**2. Calculate n(-11).
-6
Suppose 35 = -11*u + 6*u. Let g = 3 + u. Let i = 8 + g. Let r(t) = -t + 1. Give r(i).
-3
Suppose -2*t + 0*x + 5*x = 16, -x = -2*t. Let c(k) = -k**3 + 2*k**2 - k + 1. What is c(t)?
-1
Let k(d) = d**2 + 6*d - 4. Let v = 299 + -307. Determine k(v).
12
Let b(g) be the first derivative of -g**2 - g + 824. Suppose i - 3*i - 18 = -2*r, 3*r - 9 = 0. Let n = i - -10. Give b(n).
-9
Let n(l) = 2*l**2 + l + 3. Let h be n(-2). Let b(u) = -2*u**2 - u**2 + u**3 + h*u**2 - 1 - 8*u. Suppose 4*m + 27 = -5*y, 0 = -0*y - y - 3*m - 1. What is b(y)?
6
Let q(r) be the third derivative of -r**4/24 - 2*r**3 + 51*r**2. Calculate q(-19).
7
Suppose 23 = 10*v - 7. Let q(m) = -m**2 - 1. Let w(y) = -6*y**2 + 4*y - 3. Let t(a) = -5*q(a) + w(a). Calculate t(v).
5
Let i(x) be the second derivative of x**5/20 - 7*x**4/12 + 4*x**3/3 - 5*x**2/2 + x - 12. Calculate i(6).
7
Let b(j) = -j**3 + 6*j**2 - 6*j + 1. Let t be b(4). Let p(x) = -x + 30. What is p(t)?
21
Let p(h) = 11*h - 6*h - 16 - 2*h**3 + h**3 - 4*h + h**2. What is p(0)?
-16
Let n = -9 + 12. Suppose -5*x - 3*o = 25, 3*x - n*o = -9 - 6. Let y(q) = 0 - 6 - q - q. Calculate y(x).
4
Let r(j) = j + 3. Let o(f) = -f**2 + 4*f + 3. Let u be o(6). What is r(u)?
-6
Let z(w) = w**2 - 21*w + 9*w + 5*w - 2 + 5*w. Let o = 2 - -2. Suppose -j = -o*m + 3*m + 3, -5*m + 19 = -j. Give z(m).
6
Let h(x) be the third derivative of x**4/24 + 5*x**3/3 + 3*x**2 - 22*x. What is h(6)?
16
Let m = 57 + -42. Let d be (m/2)/5*(0 + -4). Let k(y) = -y**2 - 6*y + 4. Give k(d).
4
Let g be (9/18)/(1/(-24)). Let b be (g/10)/(9/45). Let m(q) = q**2 + 7*q + 2. Give m(b).
-4
Let d(g) = -7 - 145*g - 142*g + 289*g - 49. Give d(27).
-2
Let v(o) = -o**3 + 9*o**2 - 5. Let i be 0/(4 + -4*1/2). Suppose i = -5*t - g + 67 - 22, 9 = t + 5*g. What is v(t)?
-5
Let v(i) be the third derivative of -i**5/60 - i**4/3 - 2*i**3/3 + 4*i**2 - 3. Determine v(-4).
12
Let n(v) = v**2 + 7*v - 24. Suppose -4*r + 8*r = 2*m + 6, 6 = -2*r. What is n(m)?
-6
Let x be 74/(-10) + (-4)/(-10). Suppose s = -3*o + 17, 5*o + s = 6*s - 5. Let j(w) = -5*w**2 + o*w**2 - 3 - 6 - 9*w - 1. What is j(x)?
4
Let w(u) be the third derivative of -u**6/40 - u**5/60 + 7*u**3/6 - 10*u**2. Let t(s) = s**3 - s**2 + s - 1. Let i(c) = 4*t(c) + w(c). Calculate i(4).
3
Let i(v) = -v + 1. Let d(m) = m**2 + 2*m - 1. Suppose -5*s - 1 - 4 = 0. Let g(y) = s*d(y) - 6*i(y). Give g(4).
-5
Let p be (-12*6/(-12))/(-3). Let l(n) = -16*n. Calculate l(p).
32
Let a(b) = 83*b - 3 + 4 - 46*b - 40*b. Determine a(-4).
13
Suppose -6*f + 31 = -f + 4*o, -o = -4. Let g(l) = l + 0*l**3 - 9 + 12 + l**3 - 6*l**2. What is g(f)?
-21
Let u(b) = -2*b - 5. Let x be u(-5). Suppose m - 12 = -3*j, x*j = 4*m + m + 20. Suppose a - 1 = -m*a. Let l(p) = 8*p**3 + 2*p - 1. Determine l(a).
9
Let q be (-8)/36 - 218/(-9). Let p(i) = -47 + i**2 - 4*i + 16 + q. Determine p(6).
5
Let h(r) = -1. Let j(l) be the second derivative of -2*l**3/3 - 2*l**2 - l. Let z(x) = h(x) + j(x). Give z(-5).
15
Let h(j) be the second derivative of -j**3/3 - 5*j**2/2 - 5*j. Let q(v) = 1. Let l(s) = -h(s) - q(s). Give l(4).
12
Let l(y) be the first derivative of -3*y**2/2 + 14*y + 12. Determine l(7).
-7
Let d(c) = -232*c**2 + 2 + 2*c + 113*c**2 + 2 + 120*c**2. What is d(-5)?
19
Let p(i) = i**3 + 8*i**2 + 3*i + 4. Let j(d) = 5*d - 138. Let s be j(26). Determine p(s).
-20
Let x(k) = -2*k - 6. Let b(v) = -v**3 - 16*v**2 - 18*v + 15. Let j be b(-15). Let g = j - 66. Calculate x(g).
6
Let x(a) = 10*a**3 + 2*a**2 + a. Let l(s) be the third derivative of -s**4/24 - 5*s**3/3 + 26*s**2. Let u be l(-9). Determine x(u).
-9
Let t(b) be the second derivative of -2*b - 1/3*b**3 - 9/2*b**2 + 0. Suppose 69 - 45 = -4*w. Give t(w).
3
Let d(o) = -3*o**3 + 6*o**2 - 5*o - 3. Let g(h) = 4*h - 6*h**2 - 2 + 5 + 631*h**3 - 627*h**3. Let w(n) = 5*d(n) + 4*g(n). Determine w(-7).
11
Let x be (-2 + 3 + 0)/((-1)/4). Let d(k) be the second derivative of k**4/12 + k**3/3 + 3*k**2/2 - 3*k. Give d(x).
11
Let n(x) = 5*x**2 + 48*x - 10. Let r be n(-10). Let j(f) = -f**3 + 10*f**2 + 3*f - 24. Give j(r).
6
Let d(l) = -l**2 + 7*l + 10. Suppose -31*m + 216 = -4*m. Give d(m).
2
Let x(k) = k - 5. Let y(p) = -2*p**2 - 9*p - 5. Let w be y(-5). Suppose -m + 7 = 2*d - 5*d, 5*m + 33 = -2*d. Let z be (25/w)/(2/d). What is x(z)?
0
Let f(o) be the second derivative of o**5/20 + o**4/3 - 7*o**3/6 - 2*o**2 - 3*o - 103. Let r = 1 - 6. Give f(r).
6
Let l(o) = -o**3 + 10*o**2 - o - 2*o**2 - 5*o**3 - 9*o**2. Suppose 4*r - r + 3 = 0. Give l(r).
6
Let t(c) = -c - 1. Let j(u) = u**2 - 3*u + 7. Let y(o) = j(o) + 5*t(o). Let q be 2/(-5) - (-132)/30. Suppose q*k + 4*m - 19 = 13, k = -3*m + 12. Give y(k).
-10
Let q(r) = 4*r**2 + 6*r - 2. Let h(y) be the second derivative of -y**4/4 - 5*y**3/6 + y**2/2 + y + 17. Let w(b) = 3*h(b) + 2*q(b). Determine w(-3).
-1
Let a = -16 - -19. Suppose -4*x - 8 = 0, -16 = -a*w + w - 3*x. Suppose 3*m + n = -10, m + 2*n + w = -2*m. Let y(h) = 5*h + 3. Calculate y(m).
-12
Let o(z) = 5*z**2 + z - 1. Let b be (14 - -1)/(-5) - -4. Calculate o(b).
5
Let t(r) = -6*r**3. Suppose y - 14 = -6*y. Suppose -5*c - i + 8 - y = 0, 4*c - 6 = -2*i. Determine t(c).
-6
Let t be 2/(-4) + 10/4. Let k = t - 0. Let x(b) be the second derivative of b**5/20 - b**4/6 + b**2 - 21*b + 2. Give x(k).
2
Let d(s) = s + 16. Suppose -4*k - 2*h - 20 = 0, -5*k - 4*h - h = 25. Calculate d(k).
11
Suppose 290*a + 96 = 278*a. Let k(s) be the first derivative of s**2 + 8*s + 1. Determine k(a).
-8
Let h(z) = 9*z + 29. Suppose o + 9*w + 12 = 4*w, -w + 13 = -2*o. Det